ppose 34 = 2*q - 3*s, -q + 4*q + 5*s = 70. Calculate the remainder when q is divided by j.
9
Suppose 2*u - 4*z - 16 = 0, -3*u = -4*u - 3*z + 23. Calculate the remainder when 55 is divided by u.
13
Let d be 1 + -1 - (3 - 7). Suppose -b + 3*s + 1 = -2*b, 0 = s + d. What is the remainder when 41 is divided by b?
8
Let b be 0*1/9*3. Suppose b*s - 2*s = -18. Suppose 0 = 5*n + 3*z - 22, -2*z - 8 = 3*n - 21. What is the remainder when s is divided by n?
4
Let y(i) = -3*i + 3. Let d = -2 - -71. Let u = d + -46. Calculate the remainder when u is divided by y(-3).
11
Let z be (-4 - -5) + -3 - -83. Let q = 158 - z. What is the remainder when q is divided by 26?
25
Suppose 2*y + 2*y - 52 = 0. What is the remainder when 25 is divided by y?
12
Let j(k) = k + 6. Let t be j(-8). Let u be 0 - ((1 - 1) + t). What is the remainder when ((4 - u) + -3)*-63 is divided by 16?
15
Let s(q) = q**2 + 5*q + 4. Let w be s(-4). Suppose -2*c = w, 3 = j + 3*c - 40. Calculate the remainder when j is divided by 15.
13
Suppose 0*c - 2*c - 4*p + 74 = 0, 52 = c - p. Let h(v) = 2*v + 2. What is the remainder when c is divided by h(5)?
11
Let r(s) = 5*s**2 + 4*s + 2. Let p be r(-2). Suppose -5*j + 48 = x, 5*x - 14 = 4*j + 81. Let d = x - p. What is the remainder when 26 is divided by d?
8
Suppose -135 = -7*g + 2*g. What is the remainder when g is divided by 10?
7
Let z(v) = -v**3 + v + 65. Let t be z(0). Suppose -k + 5*o = 4*k - 50, 2*o + t = 5*k. Calculate the remainder when 29 is divided by k.
14
Calculate the remainder when 102 is divided by 21*-6*(-1)/7.
12
Let i(s) = s**3 + 3*s**2 - 4*s - 4. Let z(d) = -d**2 - 7*d + 8. Calculate the remainder when z(-6) is divided by i(-3).
6
Suppose 7*y - 10 = 2*y, y = -3*g - 22. Let l = 23 + g. Calculate the remainder when (-6)/l - (-64)/10 is divided by 4.
2
Suppose 8 = 4*n - 4. Calculate the remainder when -2 + -1 + 10 + -1 is divided by n.
0
Suppose -2*a = -3*a + 6. Let h(f) = 50*f + 1. Let x be h(1). Let o = x - 34. Calculate the remainder when o is divided by a.
5
Let u = 11 - -5. What is the remainder when 45 is divided by u?
13
Let g be 63/12 - (-6)/8. Let s(n) = n**3 - 5*n**2 - 6*n + 9. What is the remainder when 25 is divided by s(g)?
7
Let c = 9 + -27. Calculate the remainder when (-734)/c + 4/18 is divided by 14.
13
Let q(r) = -r + 10. Let t(u) = u + 5. Let x be t(-5). Calculate the remainder when 10 + 15 - 6/(-2) is divided by q(x).
8
Let i = 6 + -7. What is the remainder when 29 is divided by ((-9)/(-6) + i)*30?
14
Let y = 150 + -144. What is the remainder when 51 is divided by y?
3
Suppose 74*x - 986 = 57*x. Suppose 0 + 2 = t. Suppose -t*p + p + 20 = 0. Calculate the remainder when x is divided by p.
18
Let h(a) = a**3 + 9*a**2 - 12*a + 7. Let l be h(-10). Suppose -n = -0*n - l. Calculate the remainder when n is divided by 14.
13
Let l(q) = 30*q - 2. Let z be l(3). Suppose -2*y + z = 2*y. What is the remainder when y is divided by 3*(24/9)/1?
6
Let p(u) = -u**3 + 6*u**2 + 8*u + 11. What is the remainder when 68 is divided by p(7)?
14
Suppose 0 = -4*q - 12, q - 2*q + 144 = u. Calculate the remainder when u is divided by 37.
36
Suppose -2*f + 26 = -4*q, 0 = -5*f + 25. Calculate the remainder when 1*23 - (2 + q) is divided by 9.
7
Let n(d) be the first derivative of -d**4/4 - 2*d**3/3 - d**2 - d + 2. What is the remainder when n(-3) is divided by ((-8)/(-10))/2*20?
6
Suppose -8 = -d - 1. Suppose -5*b + 4 = -11. What is the remainder when d is divided by b?
1
Let l be 9*((-3)/3 - -2). Suppose -4*t - l = -u - t, 5*t = u - 7. Calculate the remainder when 34 is divided by u.
10
Let q(u) = u + 1. Let b(i) = -i**2 - 6*i + 10. Calculate the remainder when q(6) is divided by b(-7).
1
Let m(j) = 0*j**2 - j**2 - 9 + 3 - 11*j. Calculate the remainder when 6 is divided by m(-10).
2
Suppose 5*r + 33 = i, r + 3*r = -4*i + 132. Let c(u) = -i*u + 1 + 1 + 36*u. Calculate the remainder when c(7) is divided by 13.
10
Let w = 178 + -91. Suppose 2*h - w = -h. What is the remainder when h is divided by 8?
5
Let s(q) = q**2 - 6*q. Let y be s(11). Suppose -5*x + y = -0*x. Calculate the remainder when 19 is divided by x.
8
Let k(b) = 8*b + 15. Let j(a) = 7*a + 14. Let u(m) = -5*j(m) + 4*k(m). Suppose 0 = h - 2*i - 21 - 11, 2*i = 0. What is the remainder when h is divided by u(-7)?
10
Suppose 2 = -0*g + g. Suppose -2*c + 2*m = -g*m - 36, m - 21 = -c. What is the remainder when 59 is divided by c?
19
Suppose 2*k - 9 = 5. Let t(i) = -i**3 + 7*i**2 - i + 3. Let j be t(k). Let x = 10 + j. What is the remainder when 10 is divided by x?
4
Let z(a) = -5*a - 1. Calculate the remainder when 53 is divided by z(-3).
11
Let p = -2 + 5. Let x(h) = h + 1. Let z be x(p). Let v(q) = -q**3 + 5*q**2 - 2*q - 1. Calculate the remainder when 25 is divided by v(z).
4
Let m be (-1)/2*(1 + -1). Suppose m = -2*c + 25 + 19. Suppose -24 = -2*i + 7*h - 3*h, -i + 4*h = -16. Calculate the remainder when c is divided by i.
6
Suppose 5*b + 30 + 5 = 0. Let q(v) = v. What is the remainder when q(5) is divided by ((-2)/b)/((-3)/(-21))?
1
Let y(z) = 3*z**2 - 1. Let r = 239 - 235. Calculate the remainder when r is divided by y(1).
0
Let o be 6/(-12)*4/1. Calculate the remainder when (-2 + 5 + o)*23 is divided by 6.
5
Suppose l - b = -4, b + 3 = 5*l + 7. Suppose 4*n = -c + 25, 3*c + c + n - 70 = l. Let v(z) = 30*z**2 + 6*z - 5. What is the remainder when v(1) is divided by c?
14
Let i = -4 + 8. Suppose 44 = 4*r + 3*c, -4*r + 2*r = -5*c - 22. What is the remainder when r is divided by i?
3
Calculate the remainder when -5*(60/5)/(-4) is divided by 5.
0
Let m(j) = 3*j + 9. Let t be m(8). Suppose -4*w + 43 + t = 0. Calculate the remainder when w is divided by 10.
9
Let y = 68 + -18. Calculate the remainder when y is divided by 14.
8
Suppose 0 = 5*j - 4*m - 176, 5*m = 5*j - 72 - 108. Calculate the remainder when j is divided by 69/4 - (-3)/(-12).
15
Let p be (20/(-6))/(10/(-15)). Suppose 0 = d + 5, p*v + 0*d + d - 85 = 0. What is the remainder when 33 is divided by v?
15
Suppose -5*n = -0*n + 4*o - 28, -6 = -4*n + 5*o. Suppose 0 = -n*m + 4*d - 22 + 2, -m + 4*d - 17 = 0. What is the remainder when 8 is divided by 1/m - -2 - -2?
2
Suppose -4*b + 14 = -6. Suppose 0 = -5*a + 7 + 28. Calculate the remainder when a is divided by b.
2
Let d(p) be the third derivative of -p**5/60 + 7*p**4/24 - 2*p**3/3 + 2*p**2. What is the remainder when 4 is divided by d(6)?
0
Let i be 1/(-3) + 10/(-6). Let j = 2 + i. Calculate the remainder when j + (4 + 2 - 1) is divided by 2.
1
Let j = 59 + -41. Let m = -70 - -122. What is the remainder when m is divided by j?
16
What is the remainder when ((-8)/12)/((1/138)/(-1)) is divided by 47?
45
Let h = 18 - 1. Let p = 0 + 2. Suppose p*l - 1 = 17. Calculate the remainder when h is divided by l.
8
Suppose -3 = -4*a + 3*a. Suppose -1 = u - 11. What is the remainder when 3/(a/(-2)) + 21 is divided by u?
9
Let a = -80 + 56. Calculate the remainder when 2 is divided by 2/5 + a/(-15).
0
Suppose -2*x - 5*i = -144, 2*i - 304 = -2*x - 2*x. What is the remainder when x is divided by (273/(-14))/((-6)/8)?
25
Suppose -2*s - 20 = -7*s. Calculate the remainder when 1/s*2*58 is divided by 10.
9
Suppose -4*j + 4*f = -92, 3*j - 4*f - 77 = -5*f. Calculate the remainder when 49 is divided by j.
24
Suppose 0*h = -6*h + 30. What is the remainder when 18 is divided by h?
3
Let p = 105 + -30. Let q = -102 + 59. Let s = q + p. What is the remainder when s is divided by 11?
10
Let d(f) = -2*f**3 - 3*f**2 + f + 2. Suppose -2*z + 1 = -h + 20, 2*z - 8 = -2*h. What is the remainder when d(-3) is divided by h?
8
Suppose -7*y + 12*y = 0. Suppose 4*p - 106 + 25 = -v, 4*v + 3*p - 259 = y. Calculate the remainder when v is divided by 21.
19
Let n(p) = -p**3 - 10*p**2 - 12*p - 4. What is the remainder when 43 is divided by n(-9)?
20
Let a(w) = w**2 + w + 29. Let g be (0/2)/(-1) + 0. Suppose g = -2*x + 3*x. Calculate the remainder when a(x) is divided by 10.
9
Suppose -38 + 128 = 5*r. What is the remainder when 33 is divided by r?
15
Let y(q) = q**3 - q**2 + 2*q. Let w = 177 - 146. What is the remainder when w is divided by y(2)?
7
Let n(o) = o**2 - 4*o - 6. Let h be n(6). Let s be h/(-10)*(-8 - -3). Let x = 4 - s. Calculate the remainder when x is divided by 1.
0
Let c(s) = -2*s**2 + 7*s - 10. Let x(j) = 2*j